
What is the greatest common divisor of 18760041 and 9?
9
What is the highest common factor of 544 and 1303594?
34
What is the highest common divisor of 17565675 and 5083?
391
What is the highest common divisor of 78447292 and 308?
308
What is the highest common divisor of 3128638 and 2134?
194
What is the greatest common factor of 8381 and 2474367?
493
Calculate the greatest common factor of 1086140 and 1584.
44
What is the highest common factor of 67050 and 1032225?
75
What is the highest common divisor of 76640982 and 1056?
66
Calculate the greatest common divisor of 7 and 649114.
1
What is the greatest common factor of 45 and 6734971?
1
Calculate the greatest common divisor of 15246 and 5181099.
2541
What is the highest common divisor of 11808 and 65720007?
369
Calculate the greatest common factor of 18616 and 163223656.
1432
Calculate the highest common factor of 4237090 and 647790.
1430
Calculate the greatest common divisor of 5738527 and 19.
1
What is the greatest common factor of 1692880 and 1400?
280
Calculate the greatest common divisor of 969232 and 4928.
176
Calculate the greatest common factor of 50241071 and 43.
43
Calculate the highest common divisor of 38640 and 57816480.
5520
Calculate the greatest common factor of 18004442 and 2082.
694
What is the greatest common divisor of 1330 and 2050980?
10
Calculate the highest common factor of 946 and 650742994.
946
Calculate the greatest common factor of 221 and 23646847.
17
Calculate the highest common factor of 1479 and 2539965.
87
Calculate the greatest common factor of 86036 and 42233.
157
What is the highest common factor of 7780 and 14168158?
778
Calculate the highest common divisor of 19281495 and 645.
15
Calculate the greatest common factor of 5478390 and 41760.
2610
Calculate the greatest common factor of 30 and 35828934.
6
What is the greatest common divisor of 76468347 and 5724?
1431
Calculate the highest common factor of 9932 and 5348.
764
What is the greatest common factor of 1934644 and 29042?
2234
Calculate the greatest common divisor of 4669392 and 24752.
1456
Calculate the highest common divisor of 236100 and 7236.
12
Calculate the highest common factor of 528418 and 308.
22
Calculate the greatest common divisor of 394842 and 128520.
714
Calculate the greatest common factor of 24735 and 251359980.
1455
What is the greatest common divisor of 448581024 and 288?
288
What is the greatest common factor of 238 and 414675?
1
What is the greatest common factor of 33400 and 236?
4
Calculate the highest common factor of 688905 and 660555.
2835
Calculate the greatest common factor of 4977 and 24804.
9
What is the highest common divisor of 72574677 and 147?
21
What is the greatest common factor of 116584 and 32240?
104
What is the highest common divisor of 48482 and 112189?
7
Calculate the greatest common factor of 582708 and 6036.
12
Calculate the highest common divisor of 2985505 and 45835.
445
What is the highest common factor of 49596780 and 180?
60
What is the greatest common divisor of 14463 and 397953?
9
What is the greatest common divisor of 1336 and 1191211?
167
Calculate the highest common factor of 540605 and 585.
65
What is the highest common factor of 177081 and 455935?
67
Calculate the greatest common divisor of 35 and 2611220.
5
What is the greatest common divisor of 6136832 and 1516229?
5993
Calculate the greatest common factor of 12444965 and 195.
65
Calculate the highest common factor of 28740959 and 1066.
533
Calculate the highest common factor of 1398 and 5822202.
6
Calculate the greatest common divisor of 533 and 21794370.
533
What is the greatest common divisor of 3959670 and 96063?
2343
What is the highest common divisor of 47383176 and 228?
12
What is the greatest common factor of 132 and 30043596?
132
Calculate the highest common factor of 20672 and 14586680.
2584
Calculate the greatest common divisor of 39872 and 2513.
7
Calculate the greatest common factor of 4032292 and 183964.
4972
What is the greatest common divisor of 244076 and 7567?
161
What is the greatest common factor of 1542 and 744918?
6
Calculate the greatest common divisor of 44032846 and 2860.
286
What is the highest common divisor of 4085307 and 135?
9
What is the greatest common divisor of 656 and 13571?
41
Calculate the greatest common factor of 46836216 and 1876.
1876
Calculate the highest common factor of 368165314 and 3454.
3454
What is the greatest common factor of 1840 and 1945685?
115
Calculate the greatest common factor of 1149264 and 229968.
144
What is the greatest common factor of 7760 and 127011024?
1552
Calculate the greatest common divisor of 6270 and 2701266480.
6270
What is the greatest common divisor of 4560 and 83181240?
2280
Calculate the highest common factor of 2960682 and 6.
6
Calculate the highest common factor of 59893 and 1091713.
593
Calculate the highest common divisor of 918 and 111062.
2
What is the greatest common factor of 8124 and 3768?
12
Calculate the greatest common divisor of 3 and 3609699.
3
Calculate the highest common divisor of 24833 and 46778.
19
What is the highest common factor of 843 and 7199501?
281
What is the highest common factor of 4249 and 23775583?
607
What is the highest common divisor of 15696 and 192186?
18
What is the greatest common factor of 20796 and 39264?
12
What is the greatest common factor of 6566 and 332588?
134
Calculate the greatest common divisor of 115228136 and 113166.
12574
What is the highest common divisor of 7892966 and 88?
2
What is the greatest common divisor of 2618 and 11938828?
374
What is the highest common divisor of 115979584 and 29?
29
What is the greatest common divisor of 330 and 159764330?
110
Calculate the highest common factor of 63951 and 1638.
3
Calculate the greatest common factor of 99 and 8811.
99
Calculate the highest common factor of 208 and 59229287.
13
What is the highest common divisor of 98789 and 34554?
443
Calculate the greatest common factor of 662505 and 12267.
87
Calculate the greatest common divisor of 538526 and 294032.
1598
What is the highest common factor of 3628 and 48110001?
907
What is the greatest common divisor of 92904 and 1278312?
1176
Calculate the greatest common divisor of 4063718 and 194.
194
Calculate the highest common factor of 9 and 44467302.
3
Calculate the greatest common divisor of 8018 and 3292928.
38
What is the highest common divisor of 5863 and 1407571?
451
What is the greatest common factor of 1802 and 210993?
53
Calculate the greatest common divisor of 146649116 and 2152.
1076
What is the highest common factor of 599473124 and 1348?
1348
Calculate the greatest common divisor of 109945 and 6435.
55
Calculate the highest common divisor of 8439 and 119741.
29
Calculate the highest common divisor of 1130174 and 3052560.
3634
What is the greatest common factor of 189 and 2719839?
3
What is the highest common divisor of 1147091 and 1265?
11
Calculate the highest common divisor of 235796 and 8556.
92
What is the highest common factor of 2507 and 58259?
23
What is the highest common factor of 163841652 and 12?
12
Calculate the highest common divisor of 403920 and 4542264.
3672
Calculate the highest common factor of 1737169 and 28.
7
Calculate the greatest common factor of 607467 and 84.
21
What is the highest common divisor of 168 and 315343448?
56
Calculate the highest common divisor of 8946880 and 960.
320
What is the greatest common factor of 684724 and 10792?
284
Calculate the greatest common factor of 4733278 and 330.
22
What is the greatest common divisor of 80 and 210284120?
40
What is the highest common divisor of 614921 and 2223908?
307
What is the greatest common divisor of 196976 and 3172?
52
Calculate the highest common divisor of 3573 and 15199939.
397
Calculate the greatest common factor of 73188145 and 340.
85
What is the greatest common factor of 2676922 and 29296?
3662
What is the greatest common divisor of 39639 and 593271?
219
What is the greatest common divisor of 16 and 624898552?
8
Calculate the highest common factor of 6821388 and 5096.
196
What is the greatest common factor of 188104 and 896?
56
Calculate the greatest common divisor of 74872168 and 168.
56
Calculate the greatest common factor of 1326240 and 761667.
921
What is the greate